composite?
False
Is 18393671 prime?
True
Is 1690211 a prime number?
True
Is 7796401 a prime number?
True
Is 895111 prime?
False
Is 280377637 a prime number?
True
Is 27165299 a prime number?
False
Is 13278493 a composite number?
False
Is 63823811 prime?
False
Is 9328643 a prime number?
True
Is 411841 a composite number?
False
Is 1014451 a prime number?
True
Is 9085741 composite?
True
Is 245462297 a composite number?
False
Is 297089 a prime number?
False
Is 20532073 a composite number?
True
Is 30372157 prime?
False
Is 88534289 a prime number?
True
Is 122493563 composite?
True
Is 21985217 prime?
False
Is 650201 composite?
True
Is 3869309 a prime number?
False
Is 121747 composite?
True
Is 27196711 composite?
False
Is 219696689 prime?
True
Is 23736337 prime?
True
Is 149599 prime?
False
Is 27245 prime?
False
Is 136783177 a composite number?
False
Is 110482837 prime?
False
Is 21603749 a prime number?
True
Is 331560563 a composite number?
True
Is 898279 a prime number?
True
Is 193049651 composite?
False
Is 5210999 a composite number?
False
Is 690623699 a composite number?
False
Is 794813 prime?
False
Is 156347 a prime number?
True
Is 135090637 a composite number?
True
Is 159628433 a prime number?
False
Is 19976171 composite?
False
Is 935221241 composite?
False
Is 48612199 a prime number?
True
Is 85168843 composite?
False
Is 214435021 a composite number?
False
Is 20816373 a composite number?
True
Is 65294549 a composite number?
False
Is 1968643 prime?
False
Is 18301447 composite?
False
Is 3331103 a prime number?
False
Is 35185946 composite?
True
Is 2770169 composite?
False
Is 17724313 a prime number?
False
Is 87576149 prime?
False
Is 232103191 a prime number?
True
Is 15363047 composite?
True
Is 6604943 composite?
False
Is 807601 a prime number?
False
Is 577307 composite?
False
Is 51651989 prime?
False
Is 193828499 prime?
True
Is 17758037 a prime number?
False
Is 2944229 a prime number?
True
Is 588067691 prime?
False
Is 28334401 prime?
False
Is 152101589 a composite number?
False
Is 58753113 prime?
False
Is 4891115 prime?
False
Is 3174709 a prime number?
False
Is 19641169 a prime number?
True
Is 6789457 a composite number?
True
Is 230677981 a composite number?
True
Is 117453491 composite?
False
Is 1292521961 a prime number?
False
Is 138740813 a prime number?
False
Is 51594167 a composite number?
True
Is 7290109 a composite number?
True
Is 2061821 prime?
False
Is 8521861 a composite number?
True
Is 259529459 composite?
True
Is 190947985 a composite number?
True
Is 21523499 composite?
False
Is 1834717 a composite number?
False
Is 52842099 a prime number?
False
Is 1167095661 composite?
True
Is 135020357 composite?
True
Is 7281589 composite?
True
Is 68764106 prime?
False
Is 196802429 a composite number?
True
Is 2446919 a composite number?
False
Is 19026877 a prime number?
False
Is 93307 a composite number?
False
Is 26402491 composite?
True
Is 3105287 prime?
False
Is 4348519 prime?
False
Is 12958339 a prime number?
True
Is 106200011 composite?
True
Is 3465577 a prime number?
True
Is 17927681 composite?
True
Is 2135905 composite?
True
Is 9185311 a composite number?
False
Is 421061281 a composite number?
False
Is 63693253 prime?
False
Is 15770899 a prime number?
True
Is 36599 composite?
False
Is 9390671 composite?
False
Is 2592677 a composite number?
False
Is 22578835 prime?
False
Is 47227279 a prime number?
False
Is 20363749 a composite number?
True
Is 483979519 a composite number?
False
Is 794089 a composite number?
False
Is 78326459 prime?
False
Is 13747421 a composite number?
True
Is 43073951 prime?
True
Is 15250609 a composite number?
True
Is 3511369 a composite number?
False
Is 2075323 a prime number?
True
Is 2751647 a prime number?
True
Is 2883361 prime?
False
Is 3677533 a prime number?
True
Is 47030669 prime?
False
Is 3512791 prime?
False
Is 1754507 composite?
True
Is 8540677 a composite number?
True
Is 537960899 a prime number?
False
Is 39782651 a prime number?
True
Is 41389669 composite?
False
Is 35391197 composite?
False
Is 61344121 a prime number?
True
Is 8735339 prime?
True
Is 4021917 prime?
False
Is 11611319 prime?
False
Is 6085073 composite?
True
Is 99895091 a prime number?
True
Is 3345451 composite?
False
Is 32113717 composite?
True
Is 28823029 a composite number?
True
Is 97331459 composite?
False
Is 19256599 a prime number?
True
Is 42168829 a composite number?
False
Is 4731213 prime?
False
Is 3492883 prime?
False
Is 2442983 a prime number?
False
Is 2067673 prime?
False
Is 385942 composite?
True
Is 325915979 composite?
False
Is 46537081 a composite number?
True
Is 6198989 a composite number?
False
Is 894059 composite?
False
Is 405484891 prime?
False
Is 122272841 composite?
True
Is 1693031 a prime number?
True
Is 204286967 composite?
True
Is 23130623 a composite number?
False
Is 2565377 prime?
True
Is 5832803 a composite number?
False
Is 1472491 prime?
True
Is 33730727 a composite number?
False
Is 14319581 composite?
False
Is 321509 composite?
False
Is 1495231 composite?
False
Is 142777783 composite?
True
Is 47943437 a composite number?
True
Is 82911111 composite?
True
Is 10932973 prime?
True
Is 284605361 a composite number?
True
Is 2473663 composite?
False
Is 1205387 a composite number?
False
Is 54722 a composite number?
True
Is 2053655 composite?
True
Is 145444583 a prime number?
True
Is 5789221 prime?
True
Is 604715941 a prime number?
True
Is 3972377 a composite number?
False
Is 21327451 composite?
False
Is 16332259 a prime number?
True
Is 146531023 a composite number?
False
Is 5710631 a prime number?
True
Is 7605707 a composite number?
False
Is 27213887 a composite number?
True
Is 370597699 composite?
True
Is 2702491 a composite number?
True
Is 15505001 a composite number?
True
Is 14282467 a composite number?
True
Is 14683133 a composite number?
False
Is 438867679 composite?
False
Is 381366397 a composite number?
False
Is 72860267 prime?
False
Is 422596873 a composite number?
False
Is 2875069 a composite number?
True
Is 557663 a composite number?
False
Is 16616995 a prime number?
False
Is 102482157 a composite number?
True
Is 6283751 prime?
True
Is 94378697 prime?
False
Is 7176419 composite?
False
Is 1590239 a composite number?
True
Is 64227197 prime?
False
Is 256961 composite?
True
Is 127599893 composite?
False
Is 16392547 a prime number?
True
Is 1324451 a composite number?
False
Is 33683383 composite?
False
Is 524659955 composite?
True
Is 9287141 composite?
False
Is 1937363 prime?
True
Is 19767185 prime?
False
Is 290721661 a prime number?
False
Is 41678603 a prime number?
False
Is 1088743 a composite number?
True
Is 3897389 prime?
True
Is 853296289 a composite number?
True
Is 133831507 prime?
True
Is 515839 prime?
True
Is 72834473 a prime number?
True
Is 10352843 a prime number?
True
Is 13464481 composite?
False
Is 157458971 composite?
False
Is 24744637 composite?
False
Is 3581729 prime?
False
Is 23747779 a prime number?
False
Is 3769093 a composite number?
True
Is 926287 a prime number?
False
Is 1912121 prime?
True
Is 224193257 a composite number?
False
Is 583249 prime?
True
Is 3181249 a composite number?
False
Is 1115 prime?
False
Is 27091 composite?
False
Is 6188041 prime?
False
Is 8033293 prime?
True
Is 12447667 composite?
False
Is 6656413 a prime number?
False
Is 48721411 a composite number?
False
Is 37200967 composite?
True
Is 5370947 prime?
False
Is 367830439 a composite number?
False
Is 1241547 a prime number?
False
Is 246161 a composite number?
True
Is 341809571 a composite number?
True
Is 1057338883 a prime number?
True
Is 69541 a prime number?
False
Is 21577577 a composite number?
True
Is 375142837 a composite number?
False
Is 214070213 a prime number?
False
Is 11584477 a prime number?
True
Is 7323541 prime?
False
Is 9459581 a prime number?
False
Is 39859559 composite?
False
Is 824832887 a prime number?
False
Is 7109337 a composite number?
True
Is 3537767 composite?
True
Is 450229589 prime?
True
Is 77197697 a composite number?
True
Is 2703053 prime?
False
Is 11590105 prime?
False
Is 24193523 composite?
True
Is 9947101 composite?
False
Is 47974681 prime?
False
Is 4008561 a prime number?
False
Is 17541371 a prime number?
True
Is 6224147 composite?
True
Is 2875097 a prime number?
True
Is 226803481 a prime number?
False
Is 6914